 - 1. What is x(t)?
-3
Let s(z) = z**3 - z**2 - 2*z - 1. Suppose -4*c + 0*c + 20 = 0. Suppose -9 = c*p + 1. Give s(p).
-9
Let l(g) = -4*g**3 + 3*g**2 - 1. Let y(s) = 3*s**3 - 2*s**2 + 1. Let i = -1 - 3. Let u(a) = i*l(a) - 5*y(a). Give u(2).
-1
Let j(c) = -6 + 10 - 6 + 0*c**2 - 4*c - 2*c**2. Determine j(-2).
-2
Let m be 4/(-2) + 3*3. Suppose m*v = 3*v. Let s(c) = -13*c**2 + 12*c**2 + c**3 - 2 + c + 9. Calculate s(v).
7
Suppose 3 = -b - 0*o - o, -b - 3*o - 7 = 0. Let f(g) = 8*g. Calculate f(b).
-8
Suppose 0 = -y - z + 10, 3*y - 2*z = 7*y - 32. Let n(d) = -1 + 16 + d - 8. Give n(y).
13
Let m(n) be the third derivative of -1/24*n**4 - 3*n**2 + 0 + 0*n + 1/6*n**3 - 1/30*n**5. What is m(2)?
-9
Let u(z) be the second derivative of -z**3/6 - z**2 - 6*z. Determine u(3).
-5
Let f(q) = q + q**3 + q**2 + 2*q**2 - 5*q**3 - 4 + 3*q**3. Determine f(3).
-1
Suppose -x + 1 = -1. Let h(n) be the first derivative of -1/2*n**x + 3*n - 1. What is h(-4)?
7
Let y(s) be the first derivative of 1 + 1/4*s**4 - 4/3*s**3 + s**2 - 2*s. Let m be 4/(-18) - 29/(-9). Give y(m).
-5
Let j(l) = -l - 4. Suppose 0*h + 20 = 2*z + 2*h, z = 3*h + 2. Suppose 0*v = 2*v + z. What is j(v)?
0
Let h(v) = -3*v + v - v - v**2. Let n(f) = -f**3 - 5*f**2 - 3*f - 6. Let m be n(-4). Let g = m - -8. Calculate h(g).
2
Suppose 17 = 2*n + 7. Let a = n + -8. Let h(k) = -k + 4. Let v(z) = -3*z + 13. Let t(w) = 7*h(w) - 2*v(w). Calculate t(a).
5
Let l = 13 + -16. Let g(x) = -8*x - 5. Let h(i) = 7*i + 4. Let a(z) = -3*g(z) - 4*h(z). Determine a(l).
11
Let l(r) = r**2 - r - 4. Let x be (-2)/6 - (-8)/6. Let s be -3 - (-3 + -3)*x. Give l(s).
2
Let w(h) = -h**3 - h**2. Let a(g) = -6*g**3 - 8*g**2 + 6*g + 4. Let r(i) = -a(i) + 5*w(i). Give r(-4).
4
Let j = 45 - 31. Let a(o) = -j - 3*o**2 + 4*o + 9 + 4*o**2. Determine a(-5).
0
Let q(o) be the first derivative of -o**4/4 - 5*o**3/3 - 2*o**2 + 5*o + 26. What is q(-4)?
5
Let g be (-7)/2 + (-1)/2. Let u(r) = -2 + 0*r**2 + 0 - r**2 - 3*r. Give u(g).
-6
Let h(m) = -m**3 - 1. Let o(v) = 4*v**3 + 4*v**2 - 6*v + 8. Let d(t) = 3*h(t) + o(t). Let l be d(-5). Suppose l = -3*n + n. Let q(p) = -p - 6. Calculate q(n).
-1
Suppose 0 = 3*p + 9 + 6, 5*p = 5*r - 25. Let l(d) = -d**2 - d + 4. Determine l(r).
4
Let c = 19 - 31. Let x = 6 + c. Let t be 2/1*(-3)/x. Let w(v) = -9*v + 1. Determine w(t).
-8
Let j be 2/((-8)/(-20)) + 1. Suppose j*y = 3*y - 15. Let t(c) = -c + 6. Determine t(y).
11
Let v(o) = -o**2 - 7*o - 6. Let y(c) = -2*c**2 - 13*c - 11. Let a(l) = -11*v(l) + 6*y(l). Determine a(4).
-20
Let o(h) = -7*h**2 + 2 + 61*h**3 + 65*h**3 - 125*h**3. Give o(7).
2
Let o be 4/(-18) + 170/360. Let n(g) be the third derivative of 0 + 1/60*g**5 + g**2 + 0*g - o*g**4 - 1/3*g**3. What is n(3)?
-11
Suppose 4*x = 9*x - 4*c + 11, -2*c = -8. Suppose 0 = i - 2*a + x - 4, 3*a + 2 = 4*i. Let j(b) = 10*b**2 + 2*b + 1. What is j(i)?
9
Let w(z) be the second derivative of -z**3/3 + 5*z**2 + 4*z. Give w(7).
-4
Let a = -139 + 141. Let p(m) be the second derivative of -5/6*m**3 + m - 1/4*m**4 + 3/2*m**a + 1/20*m**5 + 0. Determine p(4).
-1
Let t(f) = -5*f**3 + f**2 - 1. Let g be ((-5)/(-4))/((-1)/(-8)). Let s be (g/6)/(4/12). Let j = 6 - s. What is t(j)?
-5
Suppose 3*v = v - 4. Let g(f) = -4*f + 1. Calculate g(v).
9
Let g(k) = 3*k**3 + 5*k**2 + 8*k + 3. Let o(j) = j**3 + 3*j**2 + 4*j + 2. Let x(l) = 2*g(l) - 5*o(l). Give x(6).
8
Let a(q) = -5*q**3 + 41*q**2 + 19*q + 1. Let c(w) = -w**3 + 8*w**2 + 4*w. Let p(b) = 2*a(b) - 11*c(b). What is p(7)?
9
Suppose 0 = 3*s - s + 8. Let n(j) = j**3 + 3*j**2 - 3*j - 6. What is n(s)?
-10
Let h(b) = -3*b**3 + 4*b**2 - b - 4. Let j(d) = d**3 + d**2 - d - 1. Suppose 3*a + 1 = -5. Let z(w) = a*j(w) - h(w). Let y = 4 + 1. What is z(y)?
-4
Let r(w) = 2*w**3 + 3*w**2 + w - 2. Suppose -7*m - 10 = -2*m. Give r(m).
-8
Let o be 4/(-10) + 357/105. Suppose 1 = j - 0*j. Let g(u) = j - 4*u**2 + 7*u**2 + 1 - 3*u - u**3. Determine g(o).
-7
Suppose 0 = 6*i + 6 + 30. Let f(t) = t**2 + 4*t - 7. Give f(i).
5
Let g(y) = -y**3 - 4*y**2 + 2*y + 3. Let t be g(-4). Let p(k) be the third derivative of k**6/120 + k**5/15 - k**4/6 + 5*k**3/6 + 30*k**2 - 1. Give p(t).
0
Suppose -2*f + 3 - 1 = 0. Suppose -4*a = 5*v - 14, 5*a + 3*v + f = 6*v. Suppose 0 = -3*b + 4*b - a. Let s(l) = 6*l**2 + l. Give s(b).
7
Let q(m) = -2*m - 2. Let p(z) = 1. Let i(f) = 6*p(f) + q(f). Calculate i(7).
-10
Let z(y) be the third derivative of y**8/3360 - y**7/840 + y**6/720 + y**5/120 - 5*y**4/24 + 3*y**2. Let l(j) be the second derivative of z(j). Give l(2).
7
Let k(l) = -3 + 3*l - l + 2*l - 3*l. What is k(3)?
0
Let g be 3 + (-2 - -2)/3. Let n(l) be the third derivative of -l**6/120 + l**5/15 - 5*l**4/24 + l**3/2 + 2*l**2. Calculate n(g).
-3
Let i(u) = -12 - 5*u - u**2 + 0*u**2 - 4*u. Let y be ((-2)/(-4))/((-3)/48). Let h be i(y). Let v(b) = -b**2 - 4*b + 1. Give v(h).
1
Let q(o) = 5*o**3 + 2*o**2 + o. Let b be (-2 + 2)/((-1)/1). Suppose b = 2*g - 0*g - 18. Suppose g = 3*l - 3*d, 5*l + 4*d = -0*d - 21. Calculate q(l).
-4
Let d(c) = -17*c**2 + 2*c - 1. Let b = -36 + 37. Calculate d(b).
-16
Let i(p) = -2*p - 40. Let a be i(-16). Let o(l) = -l**3 - 9*l**2 - 9*l - 8. What is o(a)?
0
Suppose c + 10 = 3*c, 5*c = -5*p + 40. Suppose p = 3*z, -z - z = -3*j + 4. Let b(q) = -q**2 + 4*q + 0*q + j - 5*q. Determine b(-2).
0
Suppose 5*h - 34 + 9 = 0. Let v(u) = h*u**2 + 4*u**2 + u**3 - 5*u**2 + 4*u + 2. What is v(-3)?
-1
Suppose 12 = 12*w - 0*w. Let n(l) = -4*l - l**2 + 5*l**3 + 0*l**2 + 1 + 3*l. What is n(w)?
4
Let i(r) = r**2 + 5*r + 2. Let b be (0 + 1)*(3 - 9). Determine i(b).
8
Let b = 2 - 1. Suppose 3*c - b = 2. Let q(r) = 6*r - r + r. What is q(c)?
6
Let w(g) = g**2 + g + 2. Suppose 3*b = 2*b. Give w(b).
2
Let o = 12 + -12. Let s be 2 - o - (-4 + 5). Let v(u) = -1 + 6*u**2 + 3 - 3. Determine v(s).
5
Let k be (3/(-6))/((-1)/(-14)). Let s = -8 - k. Let j(t) = -4*t**3 - 2*t - 1. Calculate j(s).
5
Suppose 4*u = 4, 3*u = 3*d - u - 2. Let t(p) be the second derivative of -1/3*p**3 - 4*p + 0 + 1/2*p**d. What is t(4)?
-7
Let z(q) be the third derivative of q**4/12 - q**3/3 + 4*q**2. Let o be z(-2). Let j(y) = 7 - y + 2*y + y. What is j(o)?
-5
Let s(d) = d**3 + 4*d**2 - 6*d - 2. Suppose 7*i - 5 = -40. Give s(i).
3
Let f(n) = 6*n + 118*n**3 - 4*n**2 + 10 - 117*n**3 - 4*n**2. Calculate f(7).
3
Let h(v) = 3*v**2 + v. Let z = 4 + -10. Let n = z + 3. Let i be 1 + 1 + 2 + n. Give h(i).
4
Let l be (-15)/6*(-6)/5. Let w(h) be the second derivative of 0 + 2*h + 1/2*h**l - 2*h**2. Give w(3).
5
Let a(d) be the second derivative of -d**5/20 - 3*d**4/4 + d**3/6 + 7*d**2/2 + 39*d. Give a(-9).
-2
Let f(c) = c**2 + 6*c + 4. Suppose -10 = 3*t + 8. Calculate f(t).
4
Let r = -4 + 4. Let m be -6 - (-4)/(2 - r). Let s(n) = n + 3. Let v be s(m). Let d(b) = 9*b**3 + b**2 + b + 1. What is d(v)?
-8
Let g(z) be the second derivative of z**6/720 - z**5/30 - 5*z**4/12 - 4*z. Let t(i) be the third derivative of g(i). Calculate t(-4).
-8
Let h(t) = -2*t - 6. Suppose 13*b = 12*b - 7. Give h(b).
8
Let m(a) = -a**3 + 4*a**2 + 5*a + 3. Let o be m(5). Let w(q) = -q**3 + 2*q**2 - q + 4. What is w(o)?
-8
Let s(a) be the first derivative of a**3/3 + 5*a**2/2 + 2*a - 8. Suppose 0 = -2*y + 8, -2*y + 0*y + 23 = -3*j. Determine s(j).
2
Suppose 6 = -25*n + 26*n. Let i(w) = -w - 2. Calculate i(n).
-8
Let q(f) = -f**3 + 6*f**3 - 5*f + f + 5*f. Give q(-1).
-6
Let b(x) = 4*x**2 - 1. Let t be b(1). Let n(v) = 3 + 0 + 1 - v. Calculate n(t).
1
Let u = 6 - 2. Suppose 0 = 2*d - 3*r, -10 = -u*r - 2. Let h(o) be the third derivative of -o**4/24 + 2*o**2. What is h(d)?
-3
Let k(y) = 7*y + 9. Let s(v) = -4*v - 5. Let r(w) = -3*k(w) - 5*s(w). Calculate r(-3).
1
Let b(g) be the third derivative of -g**5/60 + g**4/24 - 5*g**2. Let d = -4 + 6. Let u be b(d). Let j(a) = -a + 1. Calculate j(u).
3
Let l(r) = -r**2 + 6*r + 2. Let f = 4 - -3. Let x(h) = 3*h**2 - 18*h - 6. Let o(m) = f*l(m) + 2*x(m). Let n(d) be the first derivative of o(d). Give n(5).
-4
Suppose -2*n = -d - 2, -4*d - 13 = -d + n. Suppose 3*m = -4*p + 3, 3 = -4*m - p + 20. Let g(u) = 0*u**2 - 4*u - m - 2*u - u**2. Calculate g(d).
3
Let g(m) = -m - 1. Suppose 0 = -3*a + 4*s - 10, -2*s + 0*s + 8 = -2*a. What is g(a)?
5
Let c(z) = -6*z**2 + 0*z + 7*z + 5*z**2. Suppose -48*v + 35 = -41*v. Give c(v).
10
Suppose -10 = -2*l, -l = 4*d